actors of p/6*(-4 + -116).
2, 3, 5
Suppose 3*m - 11*m + 8640 = 0. Suppose -9*o + 6*o = -m. List the prime factors of o.
2, 3, 5
Suppose 3*x = 4*a - 43950, -28*a = -29*a + 2*x + 10990. List the prime factors of a.
2, 3, 1831
Let g be (-234 - -16)/((-2)/16 + 0). Suppose -15*u - g = u. Let i = -3 - u. What are the prime factors of i?
2, 53
Let k = 12964 - -7604. List the prime factors of k.
2, 3, 857
List the prime factors of 29/(58/51092) + -20.
2, 12763
Let z = 453 + -446. Suppose z*f = -y + 5*f + 26, 2*f - 4 = 0. What are the prime factors of y?
2, 11
Let h(l) = 4*l**3 - 6*l**3 + 3*l**3 + 18*l**2 - l - 1. List the prime factors of h(-9).
11, 67
Let t = 101718 - 54662. What are the prime factors of t?
2, 17, 173
Let h = 93 + -146. Let r = h - -59. Let v(l) = 3*l**2 + 8*l - 20. What are the prime factors of v(r)?
2, 17
Suppose -2632 = -9*k + 7*k. Let z = -754 + k. Suppose 2*q = -4*a + z, 0 = -4*q + q + 9. What are the prime factors of a?
139
Suppose 0 = 26*a - 30*a. Suppose -14*o + 2*o = a. Let p(b) = -4*b + 44. List the prime factors of p(o).
2, 11
Let n(c) = 72*c**2 + 55*c - 467. What are the prime factors of n(8)?
3, 509
Suppose -4*h - 183 = z, -5*h - 418 = 4*z + 281. Let u = 308 + z. What are the prime factors of u?
137
Let a(h) = 4*h**2 - 21*h - 9. Let j(g) = -5*g**2 + 22*g + 8. Let x(q) = -6*a(q) - 5*j(q). Let p be x(-15). What are the prime factors of 6/2 - (5/p - 53)?
61
Let b be -3*(-3 - (-52)/12). Let m(t) = t**3 + 5*t**2 + 2*t - 7. Let n be m(b). List the prime factors of (n + 1)*(-113)/(-2).
113
Let x be (6/(-15))/((5 - -1)/(-60)). Suppose 5*o = 5*g - 4150, 2*g - x*o = -o + 1659. List the prime factors of g.
3, 277
Let p = 87 - 90. Let l be (-3 - (-69)/18)/(p/(-18)). Suppose -v = l*v - 18. List the prime factors of v.
3
Let v(k) = -42*k + 49. Let q be v(12). Let n = 80 - q. List the prime factors of n.
5, 107
Suppose -230*u - 14*u + 8573311 + 1109829 = 0. What are the prime factors of u?
5, 7937
Let f(w) = -18*w + 44*w - 9*w - 7*w**2 - w**3 + 67. List the prime factors of f(-11).
2, 7, 13
Suppose -13*b + 120 = -8*b. Suppose 576 = b*g - 720. What are the prime factors of g?
2, 3
Suppose a - n = 13102, -2*a - 213*n + 212*n = -26204. List the prime factors of a.
2, 6551
Let y = -2371 + 1660. Let t = 285 - y. List the prime factors of t.
2, 3, 83
Let g(w) = w**2 + 8*w + 12. Let i be g(-6). Suppose i = -2*r + 203 + 403. Suppose -6*u = -3*u - r. List the prime factors of u.
101
Let p(o) = -o**3 + o + 18. Suppose 3*t = q - 15, -3*q - 6*t + 11*t = -29. Suppose -4*m + q*m = 7*m. List the prime factors of p(m).
2, 3
Let k = 9 + -9. Suppose 2*w - 7 = -k*n - 3*n, -3*w + 3*n + 18 = 0. Suppose -w*a = 2*p - 21, 68 = 3*p - 4*a + 2. List the prime factors of p.
2, 3
Let v(d) = 331*d + 124. Let b be v(11). Suppose -1635 = -15*r + b. List the prime factors of r.
2, 3, 5
Let l(h) = -h**3 + 4*h + 6 + 119*h**2 - 119*h**2. Let s be l(5). Let m = 191 + s. List the prime factors of m.
2, 23
Let i be (-39)/(-26) + 41/2. Suppose -i*b = -6549 - 8895. What are the prime factors of b?
2, 3, 13
Let i(x) = 183*x**2 - 5*x + 4. Let q be i(1). Suppose 2*a - 374 = 3*j, -a + q = -0*a + j. List the prime factors of a.
2, 23
Suppose -3*y + 5*o + 174 = 852, 3*o = 0. Let c = 78 - y. What are the prime factors of c?
2, 19
Let u(g) = -4*g**2 - 4*g + 5. Let r be u(-3). Let l be -59 - 0*(-5)/(-25). Let x = r - l. List the prime factors of x.
2, 5
Suppose -4*k = 5*l - 1, -4*k + 4*l = 7*l - 7. Suppose 3*y = 15, -514 = -k*v + 3*v - 4*y. List the prime factors of v.
2, 13, 19
Suppose -7*t + 9*t = -7*w + 40750, 2*w - 20369 = -t. What are the prime factors of t?
3, 11, 617
Suppose -18*t + 30*t = 72. Let u(l) = 24*l + 70. List the prime factors of u(t).
2, 107
Let h = 9530 + -770. What are the prime factors of h?
2, 3, 5, 73
Suppose -g = -1, 10*o - 796 = 13*o - 4*g. What are the prime factors of (2 - (o - -3))/1?
263
Let l = 14 - -192. Let m = -367 + 371. Suppose -2*w - w + o + l = 0, -5*o = -m*w + 282. List the prime factors of w.
2, 17
Suppose 0 = 3*b + 3*z - 32223, 3*b = b + 2*z + 21490. What are the prime factors of b?
3, 3581
Suppose 336 = 10*f - 3*f. Let x = f - -50. Let h = x - -25. List the prime factors of h.
3, 41
What are the prime factors of ((-61004)/(-1010))/(2 - (-29)/(-15))?
2, 3, 151
Let a(d) = 3*d**2 + 26*d - 27. Let k be a(-14). Suppose -21*f = -22*f + 4*o + 77, 3*f - k = -5*o. List the prime factors of f.
3, 23
Let f(i) = 5*i**2 + 146*i + 1755. List the prime factors of f(-100).
3, 5, 2477
Let c(b) = 23*b + 2. Let t(g) = -g - 1. Let a(n) = -c(n) + t(n). Let h(m) = 24*m + 3. Let s(z) = 6*a(z) + 7*h(z). List the prime factors of s(3).
3, 5
Let a(c) be the third derivative of c**5/20 + 5*c**4/24 + c**3/2 + 5*c**2. Let z be (-2)/(-11) - (39/33 - -3). What are the prime factors of a(z)?
31
Suppose 27*p - 8 = 19. What are the prime factors of (-177)/236*(-460)/p?
3, 5, 23
Let y be 21/(-1)*25/(525/(-18)). List the prime factors of (y - 22)/(6/(-81)).
2, 3
Let t = -92 + 86. Let l(u) = -7*u - 39. Let q be l(t). What are the prime factors of (-1)/q*(-4815)/(-30)*-4?
2, 107
Suppose -3*q - 2*o - 11 = -1, 5*o = -3*q + 2. Let x(c) = -7*c - 21. Let a be x(q). Suppose 8*d - d = a. List the prime factors of d.
3
Suppose -2*p - 715 = 5*i - 7*p, -3*i + 5*p - 435 = 0. List the prime factors of (46/(-3))/(i/4830).
23
Let o = 149 + -88. Let t = o - 42. Suppose 5*p - t = -4*y, -3*y - 4 - 8 = 0. What are the prime factors of p?
7
Suppose 9*u = -0*u + 1638. Suppose -u = -5*l + 768. What are the prime factors of l?
2, 5, 19
Let o be 1/(-1 + 54/48). Suppose -1173 - 1779 = -o*s. List the prime factors of s.
3, 41
Suppose 2*n - 9*p + 4*p = -1921, -n - 2*p - 983 = 0. Let i = 1632 + n. What are the prime factors of i?
659
Let j(b) be the first derivative of -b**3/3 - 7*b**2/2 - 8*b + 5. Let z be j(-5). Suppose 7*t = z*t + 270. List the prime factors of t.
2, 3
Suppose -z + 5*d - 404 - 857 = 0, -3*z - 3698 = 2*d. List the prime factors of 2 + -2 + z/(-3).
2, 103
Let x = -76 + -44. Suppose -4*o + 4*s = -836, -2*o = o - 2*s - 623. Let j = x + o. List the prime factors of j.
5, 17
Suppose 5*s + j - 38298 = 0, 2*s + 17*j - 15309 = 20*j. List the prime factors of s.
3, 23, 37
Let j(h) = -2*h**3 - 119*h**2 - 8*h + 21. List the prime factors of j(-61).
2, 1459
Let i(o) = o**3 + 12*o**2 - 18*o + 11. Let u be i(-12). Suppose 5*v + u + 261 = y, -4*v = y - 479. List the prime factors of y.
3, 7, 23
What are the prime factors of 23166/(-864)*-120 - -1*1/(-2)?
3217
Let c(t) = 5728*t + 2114. List the prime factors of c(3).
2, 9649
Suppose -104520 = -22*w + 95768. List the prime factors of w.
2, 569
Suppose 0 = -12*l + 235 + 557. Suppose l*n = 70*n - 4. What are the prime factors of n - (-85 + -3 + -1)?
2, 3, 5
Suppose 2*c = -p + 17, 0 = -0*c + 4*c - 2*p - 14. Let z(a) = 67*a - 54. What are the prime factors of z(c)?
2, 3, 29
Suppose -45*n + 41*n = 3*v - 66222, -3*v + 18 = 0. What are the prime factors of n?
3, 613
Let x(l) = 2312*l + 1291. What are the prime factors of x(17)?
5, 23, 353
Let t be 72/33 + (-4)/22. Suppose -h + y = 0, 5*h - t*y = -0*y + 6. Suppose 114 = h*b + l, 0*b + 4*l = -b + 64. What are the prime factors of b?
2, 7
Let x be ((-25)/10)/(3 + (-1415)/470). List the prime factors of (x/(-94))/((-1)/2).
5
Let q = 21848 + -15192. List the prime factors of q.
2, 13
Suppose -q - 74410 = -y + 2*q, -4*q - 446530 = -6*y. List the prime factors of y.
5, 13, 229
Let n(t) = -4*t - 32. Let f be n(-8). Suppose f = -30*m + 25*m + 5. Let r(c) = 61*c**3 - 1. What are the prime factors of r(m)?
2, 3, 5
Let x be -4*(1 + 7954/(-8)). Suppose c = 3*h + 4*c - 3978, 3*h - x = -4*c. What are the prime factors of h?
11
Let y be (3/21*7)/(1/1641). Suppose -a + 979 = 3*b, -y = -3*b - 2*b - 4*a. What are the prime factors of b?
5, 13
List the prime factors of 7314 + 7 + (-8)/1.
71, 103
Suppose -12*l + 13*l - 28660 = 5*g, 0 = 3*l + 5*g - 86140. List the prime factors of l.
2, 5, 7, 41
Let w(p) = -108*p + 74. Let t be w(-5). Suppose 22*b - t - 2576 = 0. What are the prime factors of b?
5, 29
Suppose 4*v = -3*w + 104, -3*w + 112 = -9*v + 5*v. Suppose 29*s - w*s = -2310. List the prime factors of s.
2, 3, 5, 11
Let u be (16/10)/((-4)/(-10)). Suppose u*n - 2155 = -h, -5*h - 284 = -4*n + 1877. What are the prime factors of